atest common factor of 28092510 and 1023?
93
Calculate the greatest common divisor of 1545 and 5259660.
15
Calculate the greatest common divisor of 13636645 and 11605.
55
Calculate the greatest common factor of 2674 and 112469777.
1337
What is the greatest common factor of 32430 and 4695?
15
What is the highest common divisor of 11749 and 10035541?
379
What is the greatest common divisor of 69671504 and 1624?
56
What is the greatest common factor of 142819125 and 2193?
2193
What is the highest common divisor of 136 and 2000384?
8
What is the highest common divisor of 8734 and 6469512?
794
What is the greatest common factor of 5082950 and 9044050?
13850
Calculate the greatest common factor of 802035 and 803205.
585
Calculate the highest common factor of 3886 and 73278302.
3886
Calculate the greatest common factor of 203803684 and 9394.
854
What is the highest common divisor of 112 and 20351800?
56
Calculate the greatest common factor of 623 and 1102799.
89
What is the highest common divisor of 150524 and 75990673?
3421
Calculate the greatest common factor of 1867893 and 60300.
201
Calculate the highest common divisor of 5359016 and 184.
8
Calculate the greatest common divisor of 149647124 and 34.
34
What is the greatest common factor of 3463761 and 147?
147
What is the greatest common factor of 4784 and 20215160?
184
What is the greatest common divisor of 25564035 and 126?
21
Calculate the greatest common factor of 844600167 and 639.
639
Calculate the highest common divisor of 10730 and 55693510.
370
What is the greatest common factor of 50161714 and 3071?
3071
Calculate the greatest common factor of 1408 and 248832.
128
Calculate the greatest common factor of 12652304 and 104.
8
What is the greatest common divisor of 1245925 and 54595?
305
Calculate the greatest common divisor of 23334522 and 318.
318
Calculate the greatest common divisor of 1493 and 18365393.
1493
What is the greatest common divisor of 33360 and 8894610?
4170
Calculate the highest common divisor of 91 and 74630878.
7
What is the greatest common factor of 2744 and 39218032?
392
Calculate the highest common divisor of 108505696 and 752.
16
Calculate the greatest common factor of 39516784 and 2952.
328
Calculate the greatest common divisor of 474683847 and 2243.
2243
Calculate the highest common factor of 645 and 80539.
43
Calculate the highest common divisor of 146 and 2079989.
73
What is the highest common divisor of 43665 and 10237135?
355
Calculate the highest common factor of 10987529 and 399.
133
What is the highest common factor of 60871041 and 621?
621
What is the highest common factor of 878 and 658?
2
Calculate the highest common factor of 636 and 187350.
6
What is the highest common factor of 1283077 and 1075?
43
Calculate the greatest common factor of 624466329 and 2802.
1401
What is the highest common divisor of 36 and 459210?
6
What is the greatest common factor of 15807 and 228606103?
5269
What is the greatest common divisor of 1884 and 10969164?
12
Calculate the greatest common divisor of 214413 and 12.
3
Calculate the highest common factor of 82755 and 151411.
613
Calculate the highest common divisor of 5972379 and 14707.
1337
Calculate the highest common factor of 5974884 and 3415.
683
Calculate the highest common factor of 32937747 and 12.
3
Calculate the greatest common divisor of 540 and 1327400.
20
Calculate the highest common factor of 90 and 3551250.
30
Calculate the highest common factor of 3648392 and 484.
484
Calculate the highest common divisor of 79958748 and 48.
12
Calculate the greatest common factor of 117909 and 1730523.
1191
Calculate the greatest common divisor of 508 and 10856214.
254
What is the greatest common factor of 3329398 and 32?
2
Calculate the highest common divisor of 3834767 and 204815.
3151
Calculate the highest common factor of 27677823 and 9948.
2487
What is the greatest common divisor of 311572410 and 903?
129
What is the greatest common divisor of 1372965 and 880?
55
Calculate the greatest common divisor of 68525 and 114375.
25
What is the highest common factor of 449951487 and 146?
73
What is the greatest common factor of 3649 and 36203?
41
What is the greatest common divisor of 1800 and 29373800?
200
Calculate the highest common factor of 30527 and 2295013.
343
What is the highest common factor of 44 and 202708924?
44
What is the greatest common factor of 32200 and 447650?
350
Calculate the greatest common divisor of 246502 and 236.
118
Calculate the highest common factor of 7 and 146505639.
7
What is the highest common divisor of 864615 and 52995?
15
What is the greatest common factor of 38899913 and 111?
37
What is the greatest common factor of 13821 and 2731203?
51
What is the greatest common divisor of 31 and 928278601?
31
Calculate the greatest common divisor of 500 and 66986500.
500
Calculate the highest common divisor of 15218098 and 5278.
406
Calculate the greatest common divisor of 634 and 792817.
317
What is the greatest common factor of 10154 and 2343436583?
5077
Calculate the greatest common divisor of 306940 and 18540.
2060
Calculate the highest common factor of 47790 and 1947590.
590
What is the highest common divisor of 541870 and 189?
7
Calculate the greatest common divisor of 1573290 and 822.
6
What is the highest common divisor of 4036 and 11182747?
1009
Calculate the highest common divisor of 2617430 and 13630.
470
What is the highest common factor of 177171 and 99507?
2427
Calculate the highest common factor of 513381797 and 106.
53
Calculate the highest common divisor of 23299923 and 2721.
2721
What is the greatest common divisor of 2592 and 3689584?
16
What is the greatest common factor of 3853760 and 500?
20
Calculate the greatest common factor of 18281515 and 399.
133
Calculate the highest common divisor of 3312870 and 3.
3
Calculate the greatest common divisor of 66115 and 9040.
5
What is the greatest common factor of 32395095 and 285?
285
Calculate the greatest common factor of 2624 and 8510720.
64
What is the greatest common factor of 464 and 192937?
29
What is the highest common divisor of 386242182 and 3699?
3699
Calculate the greatest common factor of 538973 and 48013.
361
Calculate the highest common divisor of 2360 and 110940.
20
Calculate the greatest common divisor of 53182 and 22.
2
Calculate the highest common factor of 360941672 and 546.
182
What is the greatest common divisor of 12036 and 118964?
4
Calculate the highest common divisor of 9045 and 17265096.
1809
Calculate the highest common factor of 73575 and 31725.
675
Calculate the greatest common divisor of 11925 and 421700.
25
What is the greatest common divisor of 51520 and 53258240?
2240
What is the highest common divisor of 180 and 2471010?
30
What is the highest common factor of 3117780 and 126?
18
What is the greatest common factor of 2204 and 1416482148?
2204
Calculate the highest common factor of 19 and 2181104411.
19
Calculate the highest common divisor of 9363143 and 2204.
551
What is the greatest common divisor of 357 and 8198403?
51
Calculate the greatest common factor of 4280 and 11043470.
1070
What is the greatest common divisor of 9245230 and 10?
10
What is the greatest common factor of 436912 and 16476496?
1328
What is the greatest common factor of 208 and 898784?
16
What is the highest common divisor of 18512131 and 57937?
2519
Calculate the greatest common factor of 378 and 40959702.
378
What is the greatest common factor of 46880 and 16160?
160
What is the highest common divisor of 493416972 and 36?
36
Calculate the highest common divisor of 270 and 5991210.
90
What is the highest common divisor of 7675 and 3981650?
25
What is the greatest common divisor of 205864657 and 3035?
607
Calculate the greatest common factor of 12 and 24279.
3
What is the greatest common factor of 422608 and 944?
16
What is the highest common factor of 550077203 and 13?
13
What is the greatest common divisor of 5370 and 619350?
30
What is the highest common factor of 675207 and 680381?
2587
Calculate the highest common divisor of 7370 and 1015050.
670
What is the greatest common factor of 3616 and 22685216?
32
What is the highest common factor of 30 and 179657510?
10
Calculate the greatest common factor of 46904452 and 23.
23
Calculate